d by 1618.
1610
What is the remainder when 3612813 is divided by 24?
21
What is the remainder when 429337 is divided by 142304?
2425
Calculate the remainder when 1349028 is divided by 40877.
87
What is the remainder when 20354268 is divided by 1084?
0
What is the remainder when 8112590 is divided by 5996?
2
Calculate the remainder when 426918 is divided by 2124.
2118
Calculate the remainder when 62975607 is divided by 115.
112
What is the remainder when 805215 is divided by 3136?
2399
Calculate the remainder when 161032090 is divided by 22026.
4
Calculate the remainder when 16640473 is divided by 77.
3
Calculate the remainder when 7700 is divided by 7693.
7
Calculate the remainder when 331250 is divided by 47219.
717
Calculate the remainder when 8089310 is divided by 85.
30
What is the remainder when 3699095 is divided by 7100?
7095
Calculate the remainder when 136124 is divided by 1480.
1444
Calculate the remainder when 193801 is divided by 1404.
49
Calculate the remainder when 800421 is divided by 200100.
21
What is the remainder when 941349 is divided by 47056?
229
Calculate the remainder when 46132 is divided by 1106.
786
What is the remainder when 116659 is divided by 891?
829
Calculate the remainder when 114766 is divided by 4980.
226
Calculate the remainder when 16397960 is divided by 2342562.
26
Calculate the remainder when 27399571 is divided by 944812.
23
Calculate the remainder when 22409428 is divided by 20.
8
Calculate the remainder when 144000 is divided by 23967.
198
What is the remainder when 3112987 is divided by 1476?
103
What is the remainder when 16692917 is divided by 1480?
1477
What is the remainder when 21600366 is divided by 4?
2
What is the remainder when 2923832 is divided by 1695?
1652
What is the remainder when 48503 is divided by 23599?
1305
What is the remainder when 6914268 is divided by 3457121?
26
Calculate the remainder when 842218 is divided by 842216.
2
Calculate the remainder when 424545 is divided by 786.
105
What is the remainder when 22521523 is divided by 13?
11
What is the remainder when 282240 is divided by 83?
40
Calculate the remainder when 11713018 is divided by 1171300.
18
What is the remainder when 4284315 is divided by 169?
165
Calculate the remainder when 70063799 is divided by 170.
169
Calculate the remainder when 40625647 is divided by 11263.
6
What is the remainder when 29624906 is divided by 245?
241
Calculate the remainder when 321180 is divided by 4870.
4630
Calculate the remainder when 38711 is divided by 7738.
21
Calculate the remainder when 4838302 is divided by 138237.
7
What is the remainder when 75665109 is divided by 25221694?
27
Calculate the remainder when 30863905 is divided by 1085.
1080
Calculate the remainder when 14872 is divided by 120.
112
Calculate the remainder when 4514452 is divided by 161.
12
What is the remainder when 567431065 is divided by 92?
89
What is the remainder when 16058355 is divided by 141?
6
What is the remainder when 3073167 is divided by 73170?
27
Calculate the remainder when 458756 is divided by 10426.
12
What is the remainder when 200732 is divided by 454?
64
Calculate the remainder when 150477541 is divided by 50159180.
1
Calculate the remainder when 75771 is divided by 15153.
6
Calculate the remainder when 81590 is divided by 3599.
2412
Calculate the remainder when 861475 is divided by 304.
243
Calculate the remainder when 305452 is divided by 101774.
130
Calculate the remainder when 279077 is divided by 2706.
359
Calculate the remainder when 3148620 is divided by 437.
35
What is the remainder when 97671 is divided by 962?
509
Calculate the remainder when 15377756 is divided by 1888.
1884
What is the remainder when 3108823 is divided by 1178?
81
Calculate the remainder when 2279999 is divided by 223.
47
Calculate the remainder when 8528 is divided by 3807.
914
Calculate the remainder when 607541 is divided by 263.
11
What is the remainder when 1647659 is divided by 1647211?
448
Calculate the remainder when 9720107 is divided by 152.
11
Calculate the remainder when 33514341 is divided by 1439.
31
Calculate the remainder when 2436046 is divided by 11437.
11402
What is the remainder when 33634591 is divided by 590080?
31
What is the remainder when 13888 is divided by 4448?
544
What is the remainder when 129031 is divided by 5782?
1827
Calculate the remainder when 151204 is divided by 3779.
44
Calculate the remainder when 660731016 is divided by 507.
504
What is the remainder when 44062976 is divided by 23118?
68
What is the remainder when 29920802 is divided by 9590?
2
Calculate the remainder when 710600 is divided by 47.
7
Calculate the remainder when 305488 is divided by 101.
64
Calculate the remainder when 198944 is divided by 539.
53
Calculate the remainder when 730502 is divided by 5989.
5833
Calculate the remainder when 21164275 is divided by 1553.
1544
Calculate the remainder when 2747487 is divided by 4354.
113
Calculate the remainder when 2852800 is divided by 407527.
111
What is the remainder when 58348 is divided by 2448?
2044
Calculate the remainder when 880301 is divided by 3924.
1325
Calculate the remainder when 73712 is divided by 2443.
422
Calculate the remainder when 632299 is divided by 63222.
79
What is the remainder when 16334007 is divided by 5444663?
18
Calculate the remainder when 2610734 is divided by 388.
270
Calculate the remainder when 144356178 is divided by 107328.
18
What is the remainder when 86698 is divided by 9622?
100
What is the remainder when 246855674 is divided by 19?
17
What is the remainder when 7311521 is divided by 178328?
73
Calculate the remainder when 11001720 is divided by 223.
15
Calculate the remainder when 3378274 is divided by 1126053.
115
What is the remainder when 12840753 is divided by 358?
9
Calculate the remainder when 633162464 is divided by 4005.
4004
What is the remainder when 184298 is divided by 1053?
23
Calculate the remainder when 2172 is divided by 435.
432
What is the remainder when 177100 is divided by 695?
570
Calculate the remainder when 1398587 is divided by 12268.
35
Calculate the remainder when 1104098 is divided by 45.
23
Calculate the remainder when 218067 is divided by 440.
267
What is the remainder when 22304006 is divided by 581?
578
Calculate the remainder when 9141285 is divided by 76.
5
What is the remainder when 66770372 is divided by 32?
4
What is the remainder when 169073 is divided by 236?
97
Calculate the remainder when 31496 is divided by 9961.
1613
Calculate the remainder when 5992 is divided by 591.
82
What is the remainder when 128798 is divided by 811?
660
Calculate the remainder when 9097843 is divided by 563.
326
What is the remainder when 56240 is divided by 8034?
2
Calculate the remainder when 2896544 is divided by 95.
89
Calculate the remainder when 97512 is divided by 10834.
6
What is the remainder when 6212627 is divided by 1553141?
63
Calculate the remainder when 425747 is divided by 6352.
163
Calculate the remainder when 213601 is divided by 1549.
1388
Calculate the remainder when 934069 is divided by 779.
48
Calculate the remainder when 13791509 is divided by 3138.
3137
Calculate the remainder when 173254 is divided by 4150.
3104
What is the remainder when 105334 is divided by 157?
144
What is the remainder when 3183332 is divided by 2067?
152
What is the remainder when 55877477 is divided by 177?
170
Calculate the remainder when 93489987 is divided by 13.
6
Calculate the remainder when 60904 is divided by 1559.
103
What is the remainder when 765966 is divided by 28?
26
Calculate the remainder when 20945695 is divided by 306.
301
What is the remainder when 14701466 is divided by 8777?
8768
What is the remainder when 240121 is divided by 10?
1
Calculate the remainder when 17692246 is divided by 106.
104
Calculate the remainder when 49916 is divided by 8238.
488
Calculate the remainder when 14388594 is divided by 2535.
2469
What is the remainder when 3503033 is divided by 79?
15
What is the remainder when 24226673 is divided by 25?
23
What is the remainder when 493252 is divided by 164401?
49
What is the remainder when 217487 is divided by 16330?
5197
What is the remainder when 160210 is divided by 2080?
50
What is the remainder when 111468553 is divi